l - f. What are the prime factors of h?
5
Let m(n) be the first derivative of n**5/20 - n**4/2 + n**3/6 - n**2/2 - n + 2. Let s(q) be the first derivative of m(q). List the prime factors of s(6).
5
Let j(a) = a**3 - 3*a**2 - 2*a + 4. Let v be (9/(-6))/(3/(-8)). List the prime factors of j(v).
2, 3
Let q be 47 + 2 + (-6)/2. Suppose 161 - q = 5*n. What are the prime factors of n?
23
Let d(y) be the second derivative of 5*y**2 + 2 + y - 2 - 4*y**2 - y**3. What are the prime factors of d(-2)?
2, 7
Suppose 4*i = 3*i + 57. What are the prime factors of i?
3, 19
Suppose -6*w - 14 = -7*w. What are the prime factors of w?
2, 7
Let w(t) = 26*t - 1. What are the prime factors of w(2)?
3, 17
Let f(s) = -7*s - 12. Let h be f(-7). Let v = 70 - h. What are the prime factors of v?
3, 11
Suppose 4*c + 5 = -3*n + 24, -11 = -2*n - c. Suppose 0 = -5*x - n, 3*g + 3*x = 4*g + 27. List the prime factors of g*((-24)/10 + 2).
2, 3
What are the prime factors of ((-3)/3)/((-2)/78)?
3, 13
What are the prime factors of 11864/28 - (2 - (-32)/(-14))?
2, 53
Let x be (-1)/(-3) + 10/6. List the prime factors of ((-2)/(-6))/(x/12).
2
Suppose 17*l = 12*l + 1305. List the prime factors of l.
3, 29
Suppose -5*j + 12 = -3*j. Suppose -5*v = -2*v - j. Suppose 4*s - 30 = v. What are the prime factors of s?
2
Let a = 345 - 22. What are the prime factors of a?
17, 19
What are the prime factors of (-2)/4*(-2 - 46)?
2, 3
Let r be (-3 - (-3)/3) + 30. Let j = r - 8. List the prime factors of j.
2, 5
Suppose -v + 99 = 2*v. What are the prime factors of v?
3, 11
Let h be (-17)/(-3) + (-2)/(-6). Let k = -5 + 3. Let v = h - k. List the prime factors of v.
2
Let s(j) be the third derivative of j**5/30 + j**4/6 - 26*j**2. Let h = -10 + 7. List the prime factors of s(h).
2, 3
Let j = -6 - 2. Let w = -6 - j. List the prime factors of w.
2
Suppose 5*x - 2*x = 15. Suppose x*p = p + 100. Let v = -17 + p. What are the prime factors of v?
2
Suppose 3*w - 9 + 0 = 0. List the prime factors of (6 - w) + 42/3.
17
Suppose -t = -b + 14, -4*t + 9 + 11 = 0. What are the prime factors of b?
19
Let k be 1 - (-5)/((-15)/(-9)). Suppose -k*o = -59 - 13. What are the prime factors of o?
2, 3
Let s(v) = 3*v + 1. Let i be s(2). Let u(b) be the second derivative of b**3/3 - 7*b**2/2 - b. What are the prime factors of u(i)?
7
Let d(q) = 45*q**2 - 1. What are the prime factors of d(1)?
2, 11
Let r(o) = o**3 + 5*o**2 + 4*o - 1. Let p be r(-4). List the prime factors of 17/p*(0 - 1).
17
Let h be (16 - 9)*(-2 - -1). List the prime factors of (-291)/(-7) + (-3)/h.
2, 3, 7
Let o be (-12)/(-2)*(-48)/(-9). Suppose -4*s + o = -s + p, 3*p + 36 = 2*s. What are the prime factors of s?
2, 3
Let j be (3 - 2)*66/3. Suppose 5*w = -j + 7. List the prime factors of (w/(-3))/((-2)/(-6)).
3
Suppose 0 = -5*d + 3*d + 32. What are the prime factors of d?
2
Let t = 93 + -44. Let i = t + -21. What are the prime factors of i?
2, 7
Let w be (-118)/4 - (-1)/2. Let g = w - -20. Let h = 1 - g. What are the prime factors of h?
2, 5
Let x(u) = u**2. Let r be x(-1). Suppose 5*o - r = -j - j, o + 3*j - 8 = 0. Let w = 3 - o. List the prime factors of w.
2
Suppose -5*c - 20 = 0, -n - 8*c + 3*c + 8 = 0. Let y = n - 6. List the prime factors of y.
2, 11
Let n(x) be the first derivative of x**2/2 + 7*x + 5. What are the prime factors of n(-4)?
3
List the prime factors of (-3)/(-1) - (-3 + -184).
2, 5, 19
Let p be ((-2)/(-6))/((-4)/(-24)). Suppose -5*g + p*w = -g - 50, 2*g - 3*w = 19. What are the prime factors of g?
2, 7
List the prime factors of -74*1/(-4)*2.
37
Suppose -5*i = 2*x + 3*x - 1215, -i + 3*x = -239. List the prime factors of i.
2, 11
Let o(m) = -136*m - 29. What are the prime factors of o(-3)?
379
Suppose 9 = 4*p - v, 7 - 1 = -2*p + 4*v. Suppose -5*a + 0*g + 83 = -g, -4*a + p*g + 62 = 0. What are the prime factors of a?
17
Suppose -4*p - 2*k = 120 + 110, -4*k = 5*p + 286. Let i = p + 83. What are the prime factors of i?
5
Suppose 3*m + 29 = 5*q, 0 = q + 2*m - 6*m + 1. Suppose -b + 22 = -2*h + q, b - 18 = 5*h. What are the prime factors of b?
13
Suppose v - 110 = -4*v. Let u = v + -12. What are the prime factors of u?
2, 5
Suppose 0 = 2*t - 8*t + 480. List the prime factors of t.
2, 5
Let m be -6*((-16)/(-6) + -3). Let w be (-3 - (2 + m)) + 2. List the prime factors of 0 - w - (2 + -3).
2, 3
Suppose -4 = -2*f + z, -4*f + z - 2*z = 4. Suppose w = f, -7*h - 5*w + 40 = -3*h. What are the prime factors of h?
2, 5
Suppose 2*h + 2 + 6 = 0. Let m(q) = -2*q - 4. Let w be m(h). Suppose w*z = 16 + 24. What are the prime factors of z?
2, 5
Suppose -i = 3*i - d - 99, -4*i - 5*d = -81. List the prime factors of i.
2, 3
Suppose -13*f + 1608 = 490. What are the prime factors of f?
2, 43
Suppose -68 = -w - 2*w - 4*a, 4*a = 4*w - 44. List the prime factors of w.
2
Let u be 4*(0 - 2/4). Let y be (u/(-6))/((-1)/(-3)). List the prime factors of 7/1 - (y + -1).
7
Suppose 3*g + 4*q - 153 = 6*q, 2*q - 218 = -4*g. List the prime factors of g.
53
Let x be ((-5)/3)/((-1)/3). Let a(i) be the first derivative of i**2 - 4*i - 1. List the prime factors of a(x).
2, 3
Let r = 735 - 432. What are the prime factors of r?
3, 101
Suppose -3*w - 4*a + 228 = 56, 0 = -5*w + 5*a + 240. List the prime factors of w.
2, 13
Suppose 0 = 2*o - 6 - 2. Suppose -q = 2*q - p + 16, 0 = -4*q - o*p - 48. Let t(z) = z**3 + 8*z**2 + 3*z - 9. List the prime factors of t(q).
19
Suppose 9*c = -0*c + 1566. What are the prime factors of c?
2, 3, 29
Let j = -12 - -19. Suppose j*i = 6*i + 27. List the prime factors of i.
3
Suppose -d - 5*y = -12, -3*y + 3 + 7 = d. Let u(o) = -o**3 + 6*o**2 + 9*o - 4. List the prime factors of u(d).
2, 5
Suppose 2*d = -0*d. Suppose d = -k - 3*p + 15, 4*k = 2*p + 2*p + 12. List the prime factors of k.
2, 3
What are the prime factors of ((-6)/2)/(3/(-58))?
2, 29
Suppose -j - j = -78. List the prime factors of j.
3, 13
Let w = -41 - -81. Suppose 5*s = s + w. What are the prime factors of s?
2, 5
Suppose 0 = 3*y - 0 - 6. Suppose 0 = -y*l - 16 + 92. List the prime factors of l.
2, 19
Suppose -5*g - 121 = -421. Suppose -u = -3*u + g. What are the prime factors of u?
2, 3, 5
Let g(z) = 4 - 1 + z**3 + 0 + 1 - 2*z**2 - 5*z. What are the prime factors of g(4)?
2
Let g(u) = u**2 + 5*u - 10. What are the prime factors of g(-7)?
2
Let h(m) = -m**2 + 6*m - 2. Let f be h(5). Suppose f = -5*o + 43. List the prime factors of o.
2
Let i(k) = -2*k - 1. Let u be i(-3). Suppose 4*v - u - 23 = 0. List the prime factors of v.
7
Suppose l = 4*s - 237, 0*l = -5*s - 3*l + 309. What are the prime factors of s?
2, 3, 5
What are the prime factors of 186 + -5 + (0 - -1)?
2, 7, 13
Let j(l) = -4*l - 1. Let a = -14 - -5. List the prime factors of j(a).
5, 7
Let u(k) = -k - 4*k + 3*k + 4 - 1. What are the prime factors of u(-5)?
13
Suppose -h - h + 6 = 0. Suppose -24 - h = -3*v - d, -2*v + 18 = 4*d. List the prime factors of v.
3
Suppose 7*u - 4*u = 0. Suppose 6 = 2*n - u. Suppose n*r = 10 + 8. List the prime factors of r.
2, 3
Let t(f) = -f**3 - 2*f**2 - 3*f + 3. List the prime factors of t(-7).
269
Let u be ((-1)/2*0)/1. Suppose a - 69 = -5*c + 3*a, u = 3*c + 3*a - 33. List the prime factors of c.
13
Let a(p) = -p**2 - 6*p - 4. Let r be a(-6). Let s(g) = -15*g + 4. Let l(x) = -5*x + 1. Let i(u) = 7*l(u) - 2*s(u). What are the prime factors of i(r)?
19
Let l be -20*(-2)/10*4. Suppose -n + 5*w + 23 = 0, 0 = -4*w - 0*w - l. List the prime factors of n.
3
Suppose -44*h = -41*h - 15. List the prime factors of h.
5
Suppose 8*p - 21 - 35 = 0. List the prime factors of p.
7
Suppose -5*j + 0*j = 4*x - 719, -x + 196 = -2*j. What are the prime factors of x?
2, 3, 31
Suppose 0 = 2*t - 3*k - 208, k - 198 = -2*t - k. List the prime factors of t.
101
Let c be (-44)/(-10) + 3/5. Suppose -3*x = c*l - 11, x + 0*x = -3. What are the prime factors of l?
2
Suppose -5*x + 4 = -26. List the prime factors of ((-16)/(-3))/(2/x).
2
Suppose -a = 3 + 1. Let v(c) = c**2 + 3*c + 4. List the prime factors of v(a).
2
What are the prime factors of 333/(-27)*(1 + -4)?
37
Let g(j) = -j**3 - 2*j**2 + 4. Let h be g(-2). Suppose -59 = -4*k - 3*u + 93, -132 = -h*k + 2*u. What are the prime factors of k?
5, 7
Let g = 28 - 16. Let p = -9 + g. List the prime factors of p.
3
List the prime factors of -1 + 1 + -3 + 134.
131
Let r(t) = -t**2 + 4*